-2 + 6) - (2 + 8)?
-6
What is -12 - ((-3 + 1 - 7) + 3)?
-6
Calculate (10 - 7) + (3 - (0 + 1)).
5
What is the value of -4 + -2 - (7 - 2) - -2?
-9
Evaluate (-2 - 5) + 17 - 5.
5
-2 + 6 - (-7 + 7) - 9
-5
What is (-7 - 0) + 4 + (2 - 0)?
-1
Evaluate 5 + -9 + 2 + 8.
6
6 + -5 + 3 + (6 - 7)
3
Evaluate (0 - (-1 - 2)) + (6 - 13).
-4
What is the value of -4 - (4 + (5 - 3 - 5))?
-5
What is the value of 6 + -7 + 2 + 1?
2
What is the value of 8 + -1 + -7 - -4?
4
Calculate (-7 - -2) + 7 + -1.
1
Evaluate (-4 + 9 - 5 - -3) + 3.
6
What is the value of 4 + (3 - (-7 - -10))?
4
10 + -1 - (2 + 1)
6
Calculate -6 + 0 + (-5 - -8).
-3
(-15 + 9 - -8) + (0 - 4)
-2
Evaluate 5 + (0 + 4 - 6 - 10).
-7
What is 4 - (2 + (2 - (2 - -1)))?
3
What is the value of (-2 - 1) + -3 + 35 + -23?
6
Calculate 0 - -4 - ((2 - -3) + -5).
4
Evaluate 2 + -3 + (1 - -1) - -2.
3
What is -2 + 5 - 1 - 5?
-3
What is (-5 - (-6 + -2)) + (1 - 0)?
4
-2 + -3 + 9 - 4
0
-2 - -9 - (7 + -6)
6
What is -8 + 0 + -2 + 6?
-4
Evaluate 4 + -12 - -17 - 15.
-6
What is the value of 1 + -2 + (-6 - (-4 + 4))?
-7
2 + (-11 - -22) - 10
3
What is the value of 4 + (4 - (8 - 0)) - 2?
-2
What is the value of 1 - (4 - (-4 - -3)) - -2?
-2
Calculate (14 - -9) + -9 + -11.
3
Evaluate -4 - (-2 - 4) - (0 + -1).
3
Evaluate -1 - -4 - (-7 - -4).
6
Calculate -2 - 1 - (-1 - 7).
5
Evaluate (1 - -2) + 4 + -5 + 2.
4
What is (67 - 62) + (1 - 8)?
-2
Calculate 0 - -8 - (-7 + -4 + 20).
-1
What is 0 - -1 - (7 - 8)?
2
Calculate -4 - 0 - 0 - -4.
0
Evaluate 8 - (-1 + 6) - (-1 - 0).
4
What is -5 + -3 + (16 - 5) + -6?
-3
Evaluate 5 + 2 + (-6 - -1).
2
What is 6 + -2 + 3 + -3?
4
Evaluate 8 + 2 - (1 - -2).
7
Calculate (-7 - -13 - 5) + -3 + 0.
-2
5 + 3 - 1 - 3
4
What is -3 + 7 + 4 - 8?
0
Evaluate -1 - (-7 + -3 + 6).
3
-9 - (-1 + 5 + -4)
-9
4 - (4 + (3 - 3))
0
Calculate -3 - (-2 - -1) - (-6 + -1).
5
Calculate -3 - ((-11 - -4) + -9 - -4).
9
What is the value of 1 - (-4 - (-2 + 3 - 6))?
0
Calculate -4 - (-1 - 0) - (-2 + 3).
-4
Evaluate 0 + (0 - 0) - (7 - 4).
-3
(0 - -8) + 55 + -67
-4
Calculate -11 - (-2 - -3 - 5).
-7
8 - (8 + 4 + 2)
-6
Calculate (2 - 1) + 27 + -33 - -6.
1
5 - ((5 - -2) + -7)
5
Evaluate 2 + -6 + 9 - 6.
-1
What is 10 - 10 - (-3 - -5)?
-2
What is 4 + (0 - (2 - 1)) + -4?
-1
Calculate 14 - (2 + (-8 - -12)).
8
Calculate -1 + -3 + 6 - (0 + 1).
1
Evaluate (3 + -1 + 4 - 2) + 0.
4
What is -13 + (6 + 10 - -2)?
5
Evaluate (3 - (-4 - -13)) + -4 + 6.
-4
Evaluate (14 - 11) + (2 - 2) + -2.
1
What is the value of 4 - (-3 + 9 + -4)?
2
-1 - (-1 + (3 - 9))
6
Evaluate -3 + 2 - (0 - (0 - -5)).
4
(20 - 27) + 7 + 1
1
Calculate 5 - (7 + -3 + -4 + 2).
3
What is 3 + -3 + -4 - (-8 - -8)?
-4
3 - 7 - (2 - (10 - 3))
1
What is 5 + (-5 - -2) - 5 - -2?
-1
Evaluate -8 + 5 - (1 + 1 + 0).
-5
What is the value of 3 + ((-2 - 3) + 0 - 4)?
-6
(0 - 2) + (2 - 2) + 1
-1
What is the value of -6 - ((-12 - -14) + -1)?
-7
What is the value of (-13 - -8 - -12) + 0?
7
Calculate -9 + (-4 - (-4 + -9)).
0
What is 4 + (-12 - -4) + -1?
-5
What is -4 + 2 + 6 + -1?
3
What is the value of -4 + 6 - (2 + 7)?
-7
Evaluate (-1 - -4) + -2 - 4.
-3
What is -6 - -12 - (4 - -4) - -8?
6
What is the value of 10 + -1 - 4 - 4?
1
5 + -7 + (20 - 12)
6
Calculate 0 - (2 + -7 + 9).
-4
Calculate 0 + -3 + 1 + -5 + 3.
-4
What is (5 - 10 - -9) + -8?
-4
What is the value of 1 - (1 + (0 - 7 - -14))?
-7
Calculate 9 + -24 + (6 - -1).
-8
What is the value of -3 + 0 + (-3 - 2)?
-8
What is -3 - (-9 + 2 + -3 + 1)?
6
Calculate 7 + -3 + -4 + -1.
-1
Calculate (0 - -6 - (-5 + 16)) + 11.
6
-1 + (-3 - -4) + -2
-2
(1 - (1 + -5 + 12)) + 3
-4
What is 3 - (2 - 2) - (-10 - -12)?
1
Calculate 62 - 60 - (6 + 0 - 0).
-4
(-6 - -1) + 3 + -1 + 1
-2
What is 3 + -3 + 2 + -4?
-2
2 + (3 + -6 - -1) + -1
-1
Evaluate -6 + (-2 - 2 - -8).
-2
What is the value of 1 - -3 - (5 - 5)?
4
What is (-3 + 1 - -4) + (-3 - 0)?
-1
What is (6 - (-5 - -5)) + -10?
-4
What is -1 + 6 - (15 + (-1 - 14))?
5
What is the value of -8 + (1 - 9 - -11)?
-5
Evaluate (6 - 3) + (-3 - -1).
1
-3 + (11 + -5 - 0) + 2
5
0 + 1 + 0 - (-11 - -11)
1
Evaluate -3 + 2 - (8 + -10).
1
-7 + (3 - (-5 - -12 - 12))
1
What is -1 + 2 + 6 + (4 - 14)?
-3
Evaluate -1 - -2 - (84 + -89).
6
-4 - (5 - 15) - 5
1
Calculate (5 - 11) + (2 - 2).
-6
Evaluate 8 + (-2 - (-4 - -5)).
5
-6 + 2 + -1 - -3
-2
What is -2 + -5 + (3 - (-2 + 3))?
-5
What is -6 + (0 - -2) + 2?
-2
Evaluate (-1 - (2 - 2)) + -6 + 9.
2
What is 3 + (-3 - (1 - (2 - 2)))?
-1
What is the value of -2 - ((-12 - -8) + -6)?
8
Calculate -2 + -3 + (0 - (-1 - 4)).
0
Calculate -4 - -2 - (2 - 5).
1
8 + -5 + -2 + -5 + 3
-1
Calculate -3 + 3 + 3 + -57 + 53.
-1
-4 - (-5 - (0 + 3))
4
What is the value of -103 + 97 + (2 + -4 - -10)?
2
What is the value of -5 + 9 + 0 - 5?
-1
What is the value of 5 - (-7 - (-5 - 9))?
-2
Evaluate -5 + 3 + (-9 - (4 - 8)).
-7
Evaluate 5 + -9 - (0 - 8).
4
Calculate -2 + 9 + 1 + -4.
4
1 + 5 + 4 + -7 + -8
-5
Calculate (9 - 3) + -10 + 1.
-3
Calculate 3 + 3 + -6 - -1.
1
Calculate 4 + (-9 - -6) + 4.
5
1 + 0 - 6 - (-1 + 0)
-4
What is (9 - (-4 + (7 - -2))) + -8?
-4
What is 6 + (13 + -20 - (0 + -10))?
9
Calculate (4 - 2) + (5 - 3).
4
What is the value of 9 + (1 - 7) - 6?
-3
(4 - 2 - -5) + 4
11
What is 31 + -34 + 0 + -2 + 6?
1
What is 6 + (-7 - (-5 - -4))?
0
(-2 - -4) + -5 + -1 + 3
-1
What is the value of 9 + (-2 + 5 - 9) + 3?
6
Calculate (0 - (12 + -4)) + 5.
-3
Calculate (-7 - (-25 + 10)) + 3.
11
What is (0 - 5) + (-6 - -8)?
-3
Calculate 0 + 0 - 0 - (8 - 7).
-1
What is the value of (7 - (0 + 8)) + 1?
0
Evaluate 6 + (-2 - 2) + -2.
0
What is 6 - 10 - 1 - -7?
2
Calculate (1 + -1 - 3) + 3 + 0.
0
What is the value of -6 - -2 - (-12 + 6)?
2
What is the value of 13 - -2 - 18 - (0 + -4)?
1
(2 - -3) + 15 + -18
2
-4 + 2 + 0 + 0
-2
What is the value of 7 - 8 - (-2 - -6)?
-5
Calculate -5 + 0 + -2 + 5 + -2.
-4
Evaluate (1 - 0) + 2 + -17 + 17.
3
What is 5 + (7 - (-2 + 8))?
6
What is the value of -3 + 1 - 3 - -5?
0
What is the value of 7 + (-3 - -4) + -5?
3
What is the value of 1 - -2 - (8 - 5)?
0
Calculate (-5 - -8) + -2 + (0 - 4).
-3
Evaluate (-5 - -8) + (-7 - (-1 + 0)).
-3
Evaluate 7 + -5 + -1 - 6.
-5
Calculate 0 + (2 - (4 - 2)) - 4.
-4
Evaluate (-5 - -3 - -7) + -8.
-3
Calculate 5 + -2 - (3 + -2).
2
7 - (-5 + 27 + 2 + -7)
-10
-5 + 0 + (-4 + 5 - -7)
3
Evaluate (-3 - 1) + -8 + 7.
-5
What is the value of -4 + -1 + (8 - 2) - -3?
4
3 + -7 - (-2 - -3)
-5
What is the value of -7 + (7 - (-7 - -8))?
-1
Calculate (0 - (6 + 0)) + (2 - 0).
-4
Evaluate -4 - (-6 + 0 + 7).
-5
What is 1 + 0 - (-3 + -6 + 13)?
-3
What is -2 + (-2 - 1) + -2?
-7
0 + -1 - (-10 - -7)
2
Calculate 0 - ((0 - (2 + -4)) + -2).
0
-4 + (-2 - -2) - (16 + -15)
-5
Evaluate -4 - 0 - (26 - 4 - 23).
-3
What is the value of -1 - -1 - (-17 + 15)?
2
1 - ((0 - -4) + -2)
-1
What is 2 - (0 + 5) - (-3 + 6)?
-6
Evaluate -1 + (3 - 2) + 0 - 3.
-3
Evaluate -2 - (1 - (-1 - 2) - 4).
-2
(-1 - -4) + (-1 - 3)
-1
Evaluate (-12 - -2) + 7 - -7.
4
What is the value of -20 + 11 + 3 + 5?
-1
What is 8 + -7 + -3 - 1?
-3
Calculate (-8 + 7 - -1) + -6 + 4.
-2
34 + -32 - (6 - 2)
-2
What is -3 - (-5 + 17 + -9)?
-6
What is (-3 + 5 - 6 - 1) + 9?
4
Calculate (-3 - -5 - 0) + -1.
1
What is the value of 2 + -12 + -1 + 0 + 7?
-4
Calculate 0 + -2 - (2 - (3 + 0)).
-1
-6 + 1 - (2 - 0)
-7
What is 184 + -183 - (0 - -3)?
-2
What is 1 + 5 + (-13 - (-13 + 7))?
-1
Calculate -4 + 6 + -7 + 3 + 4.
2
What is -12 - -2 - -8 - (-7 + 0)?
5
What is (-2 - 1) + 2 + 1?
0
What is the value of 0 - (1 + (0 - 6))?
5
Calculate 1 + -3 + (-4 - -3) + 1.
-2
6 + -6 + -6 + 4
-2
What is 4 - (-2 - -7) - 3?
-4
Evaluate (2 - 12) + 5 + -11 + 8.
-8
What is (-1 - -7) + -2 + (2 - 3)?
3
0 + -5 + 0 + -1 + 7
1
What is 4 + -1 + 3 - 4?
2
Calculate (12 - (3 - (5 - 6))) + -1.
7
Evaluate (13 + 0 - 5) + -13.
-5
Calculate (-2 - -5) + -1 + 5 + 1.
8
Evaluate 0 + 2 + 6 - 4.
4
Calculate -7 - -10 - 6 - -6.
3
What is the value of 2 + 0 + -2 + 4?
4
Calculate -2 + -5 + (0 - (3 + -5)).
-5
1 + 3 + -8 + 15 - 7
4
What is 5 + (2 - -1 - 2) + -2?
4
-4 + (2 - 0 - (-1 + 2))
-3
Evaluate 0 + 1 + -1 + -1 + -2.
-3
Evaluate ((-14 - -8) + 8 - -3) + -12.
-7
What is the value of -4 + 2 - -14 - 6?
6
What is the value of (-2 - (-6 + -1)) + -1 - 9?
-5
Evaluate 26 + -33 - (-6 - -1) - 6.
-8
What is 9 + -10 - (4 - (1 + 7))?
3
What is 3 - (11 - -6) - -4 - -4?
-6
Evaluate 4 + (0 - 2 - (-1 + -2)).
5
Evaluate -3 + 17 + -6 - 4.